{"id":55491,"date":"2023-09-22T08:12:47","date_gmt":"2023-09-22T06:12:47","guid":{"rendered":"https:\/\/mibebeyyo.mx\/revista-digital\/?page_id=55491"},"modified":"2023-09-25T08:42:09","modified_gmt":"2023-09-25T06:42:09","slug":"9-meses-mas-baby","status":"publish","type":"page","link":"https:\/\/mibebeyyo.mx\/revista-digital\/9-meses-mas-baby\/","title":{"rendered":"9 meses + baby"},"content":{"rendered":"\n<h3 class=\"has-text-align-center wp-block-heading\" id=\"la-revista-de-familia-mas-leida-en-europa-tambien-en-mexico-todo-sobre-el-embarazo-parto-bebes-y-mamas\">LA REVISTA DE FAMILIA M\u00c1S LE\u00cdDA EN EUROPA,<br>\u00a1TAMBI\u00c9N EN M\u00c9XICO!<br>Todo sobre el embarazo, parto, beb\u00e9s y mam\u00e1s.<\/h3>\n","protected":false},"excerpt":{"rendered":"<p>LA REVISTA DE FAMILIA M\u00c1S LE\u00cdDA EN EUROPA,\u00a1TAMBI\u00c9N EN M\u00c9XICO!Todo sobre el embarazo, parto, beb\u00e9s y mam\u00e1s.<\/p>\n","protected":false},"author":26618,"featured_media":55492,"parent":0,"menu_order":0,"comment_status":"closed","ping_status":"closed","template":"template-magazines-home.php","meta":{"footnotes":""},"class_list":["post-55491","page","type-page","status-publish","has-post-thumbnail","hentry"],"_links":{"self":[{"href":"https:\/\/mibebeyyo.mx\/revista-digital\/wp-json\/wp\/v2\/pages\/55491","targetHints":{"allow":["GET"]}}],"collection":[{"href":"https:\/\/mibebeyyo.mx\/revista-digital\/wp-json\/wp\/v2\/pages"}],"about":[{"href":"https:\/\/mibebeyyo.mx\/revista-digital\/wp-json\/wp\/v2\/types\/page"}],"author":[{"embeddable":true,"href":"https:\/\/mibebeyyo.mx\/revista-digital\/wp-json\/wp\/v2\/users\/26618"}],"replies":[{"embeddable":true,"href":"https:\/\/mibebeyyo.mx\/revista-digital\/wp-json\/wp\/v2\/comments?post=55491"}],"version-history":[{"count":1,"href":"https:\/\/mibebeyyo.mx\/revista-digital\/wp-json\/wp\/v2\/pages\/55491\/revisions"}],"predecessor-version":[{"id":55493,"href":"https:\/\/mibebeyyo.mx\/revista-digital\/wp-json\/wp\/v2\/pages\/55491\/revisions\/55493"}],"wp:featuredmedia":[{"embeddable":true,"href":"https:\/\/mibebeyyo.mx\/revista-digital\/wp-json\/wp\/v2\/media\/55492"}],"wp:attachment":[{"href":"https:\/\/mibebeyyo.mx\/revista-digital\/wp-json\/wp\/v2\/media?parent=55491"}],"curies":[{"name":"wp","href":"https:\/\/api.w.org\/{rel}","templated":true}]}}