{"id":51732,"date":"2023-05-11T11:20:19","date_gmt":"2023-05-11T09:20:19","guid":{"rendered":"https:\/\/mibebeyyo.mx\/revista-digital\/?page_id=51732"},"modified":"2023-09-25T08:57:39","modified_gmt":"2023-09-25T06:57:39","slug":"personalizadas-crecimiento","status":"publish","type":"page","link":"https:\/\/mibebeyyo.mx\/revista-digital\/personalizadas-crecimiento\/","title":{"rendered":"Personalizadas del Crecimiento"},"content":{"rendered":"\n<h3 class=\"has-text-align-center wp-block-heading\" id=\"la-revista-de-familia-mas-leida-en-europa-tambien-en-mexico-sigue-de-cerca-el-crecimiento-de-tu-bebe-desde-los-15-dias-hasta-los-18-meses-toda-la-informacion-avalada-por-especialistas-la-encontraras-aqui\">LA REVISTA DE FAMILIA M\u00c1S LE\u00cdDA EN EUROPA,<br>\u00a1TAMBI\u00c9N EN M\u00c9XICO!<br>Sigue de cerca el crecimiento de tu beb\u00e9 desde los 15 d\u00edas hasta los 18 meses. \u00a1Toda la informaci\u00f3n avalada por especialistas la encontrar\u00e1s aqu\u00ed!<\/h3>\n","protected":false},"excerpt":{"rendered":"<p>LA REVISTA DE FAMILIA M\u00c1S LE\u00cdDA EN EUROPA,\u00a1TAMBI\u00c9N EN M\u00c9XICO!Sigue de cerca el crecimiento de tu beb\u00e9 desde los 15 d\u00edas hasta los 18 meses. \u00a1Toda la informaci\u00f3n avalada por especialistas la encontrar\u00e1s aqu\u00ed!<\/p>\n","protected":false},"author":26618,"featured_media":56178,"parent":0,"menu_order":0,"comment_status":"closed","ping_status":"closed","template":"template-magazines-home.php","meta":{"footnotes":""},"class_list":["post-51732","page","type-page","status-publish","has-post-thumbnail","hentry"],"_links":{"self":[{"href":"https:\/\/mibebeyyo.mx\/revista-digital\/wp-json\/wp\/v2\/pages\/51732","targetHints":{"allow":["GET"]}}],"collection":[{"href":"https:\/\/mibebeyyo.mx\/revista-digital\/wp-json\/wp\/v2\/pages"}],"about":[{"href":"https:\/\/mibebeyyo.mx\/revista-digital\/wp-json\/wp\/v2\/types\/page"}],"author":[{"embeddable":true,"href":"https:\/\/mibebeyyo.mx\/revista-digital\/wp-json\/wp\/v2\/users\/26618"}],"replies":[{"embeddable":true,"href":"https:\/\/mibebeyyo.mx\/revista-digital\/wp-json\/wp\/v2\/comments?post=51732"}],"version-history":[{"count":6,"href":"https:\/\/mibebeyyo.mx\/revista-digital\/wp-json\/wp\/v2\/pages\/51732\/revisions"}],"predecessor-version":[{"id":56179,"href":"https:\/\/mibebeyyo.mx\/revista-digital\/wp-json\/wp\/v2\/pages\/51732\/revisions\/56179"}],"wp:featuredmedia":[{"embeddable":true,"href":"https:\/\/mibebeyyo.mx\/revista-digital\/wp-json\/wp\/v2\/media\/56178"}],"wp:attachment":[{"href":"https:\/\/mibebeyyo.mx\/revista-digital\/wp-json\/wp\/v2\/media?parent=51732"}],"curies":[{"name":"wp","href":"https:\/\/api.w.org\/{rel}","templated":true}]}}