{"id":15295,"date":"2016-05-24T10:41:27","date_gmt":"2016-05-24T10:41:27","guid":{"rendered":"http:\/\/revistanew.webimpacto.net\/?page_id=15295"},"modified":"2018-02-01T14:38:26","modified_gmt":"2018-02-01T14:38:26","slug":"quem-somos","status":"publish","type":"page","link":"https:\/\/mibebeyyo.mx\/revista-digital\/quem-somos\/","title":{"rendered":"Quem somos?"},"content":{"rendered":"<div class=\"quem_width\">\n<div id=\"block-1\">\n<h5 class=\"img-text\" style=\"color: #cc525f; font-weight: bold; font-family: 'Arial'; font-size: 20px!important; line-height: 23px;\"><strong>O Meu Beb\u00e9 forma parte da SferaMediaGroup, a empresa de comunica\u00e7\u00e3o para novas fam\u00edlias l\u00edder na Europa.<\/strong><\/h5>\n<div style=\"display: inline;\"><\/div>\n<div class=\"img-box block\"><img fetchpriority=\"high\" decoding=\"async\" class=\"wp-image-15323 img\" src=\"http:\/\/revistanew.webimpacto.net\/revista-digital\/wp-content\/uploads\/2016\/05\/revistanew_qs_family-300x133.png\" alt=\"revistanew_qs_family\" width=\"470\" height=\"209\" srcset=\"https:\/\/mibebeyyo.mx\/revista-digital\/wp-content\/uploads\/2016\/05\/revistanew_qs_family-300x133.png 300w, https:\/\/mibebeyyo.mx\/revista-digital\/wp-content\/uploads\/2016\/05\/revistanew_qs_family.png 470w\" sizes=\"(max-width: 470px) 100vw, 470px\" \/><\/div>\n<div style=\"width: 100%; display: inline;\"><\/div>\n<\/div>\n<p>&nbsp;<\/p>\n<div id=\"block-2\">\n<h3 class=\"block-title\">A NOSSA FILOSOFIA<\/h3>\n<p><img decoding=\"async\" class=\"size-medium wp-image-15320 alignright\" src=\"http:\/\/www.omeubebe.com\/revista-digital\/wp-content\/uploads\/2016\/05\/quemsomos1-300x175.png\" alt=\"quemsomos1\" width=\"300\" height=\"175\" srcset=\"https:\/\/mibebeyyo.mx\/revista-digital\/wp-content\/uploads\/2016\/05\/quemsomos1-300x175.png 300w, https:\/\/mibebeyyo.mx\/revista-digital\/wp-content\/uploads\/2016\/05\/quemsomos1.png 474w\" sizes=\"(max-width: 300px) 100vw, 300px\" \/><\/p>\n<\/div>\n<\/div>\n<div class=\"quem_width\">\n<div id=\"block-2\">\n<p class=\"img-text content-text\">A filosofia Sfera baseia-se na difus\u00e3o de informa\u00e7\u00e3o rigorosa e atual em torno do<\/p>\n<p class=\"img-text content-text\">mundo do beb\u00e9,\u00a0da crian\u00e7a e da gr\u00e1vida.<\/p>\n<p class=\"img-text content-text\">Colocamos especial cuidado em que as mam\u00e3s e os pap\u00e1s de hoje encontrem informa\u00e7\u00e3o pr\u00e1tica e apraz\u00edvel, que os ajude a tirar as suas d\u00favidas e que lhes sirva de orienta\u00e7\u00e3o na dif\u00edcil, mas sempre maravilhosa, aventura de ter um filho.<\/p>\n<\/div>\n<\/div>\n<p>&nbsp;<\/p>\n<p>&nbsp;<\/p>\n<div class=\"quem_width\">\n<div id=\"block-3\">\n<div class=\"block-title\">O GRUPO<\/div>\n<div id=\"img-box-3\"><img decoding=\"async\" class=\"wp-image-15344 size-medium alignright\" src=\"http:\/\/www.omeubebe.com\/revista-digital\/wp-content\/uploads\/2016\/05\/logoSFERA2016RGB-300x185.jpg\" alt=\"logoSFERA2016RGB\" width=\"300\" height=\"185\" srcset=\"https:\/\/mibebeyyo.mx\/revista-digital\/wp-content\/uploads\/2016\/05\/logoSFERA2016RGB-300x185.jpg 300w, https:\/\/mibebeyyo.mx\/revista-digital\/wp-content\/uploads\/2016\/05\/logoSFERA2016RGB-768x475.jpg 768w, https:\/\/mibebeyyo.mx\/revista-digital\/wp-content\/uploads\/2016\/05\/logoSFERA2016RGB-1024x633.jpg 1024w, https:\/\/mibebeyyo.mx\/revista-digital\/wp-content\/uploads\/2016\/05\/logoSFERA2016RGB.jpg 1181w\" sizes=\"(max-width: 300px) 100vw, 300px\" \/><\/div>\n<p class=\"content-text\">O Meu Beb\u00e9 \u00e9 o novo portal especializado nas mam\u00e3s portuguesas. Forma parte da SferaMediaGroup, a empresa de comunica\u00e7\u00e3o para novas fam\u00edlias l\u00edder na europa.<\/p>\n<p class=\"content-text\">A companhia est\u00e1 tamb\u00e9m presente em Espanha, It\u00e1lia, Fran\u00e7a e M\u00e9xico.<\/p>\n<div class=\"block-descr\">\n<p class=\"title-descr\">Ficha T\u00e9cnica<\/p>\n<p>Diretora Editorial: Edurne Romo<\/p>\n<p>Diretor de Arte: David Calvet<\/p>\n<p>Reda\u00e7\u00e3o: Patricia Boyer, Elena Ruiz y Mar\u00eda Masdeu<\/p>\n<p>Tradu\u00e7\u00e3o: Rita Bonet y Ana Pinheiro<\/p>\n<p>Produ\u00e7\u00e3o: Carme Olivella<\/p>\n<\/div>\n<div id=\"descr-2\" class=\"block-descr\">\n<p class=\"title-descr\">Grupo Sfera MediaGroup<\/p>\n<p>Diretor Geral: Juan Turu<\/p>\n<p>Diretora Comercial: Isabel Balustt<\/p>\n<p>Departamento Comercial: Joan Carles Torra, Carolina L\u00f3pez, Carlos Ruiz, Pilar Ribada.<\/p>\n<p>Diretora de Marketing: Nerea Arrillaga<\/p>\n<p>Web Manager: Ana Soloaga<\/p>\n<p>Portugal Executive Manager: Beatriz Louren\u00e7o<\/p>\n<\/div>\n<p id=\"marger-2\">\n<\/div>\n<div id=\"block-4\">\n<div class=\"aligncenter\" style=\"text-align: center; font-size: 31px; color: #cc525f; margin-bottom: 50px; padding-top: 50px; line-height: 30px;\">O portal de refer\u00eancia das mam\u00e3s e novas fam\u00edlias<\/div>\n<div class=\"aligncenter\" style=\"text-align: center; font-size: 31px; color: #cc525f;\"><\/div>\n<\/div>\n<\/div>\n<p><!-- END BLOCK #4--><\/p>\n","protected":false},"excerpt":{"rendered":"<p>O Meu Beb\u00e9 forma parte da SferaMediaGroup, a empresa de comunica\u00e7\u00e3o para novas fam\u00edlias l\u00edder na Europa. &nbsp; A NOSSA FILOSOFIA A filosofia Sfera baseia-se na difus\u00e3o de informa\u00e7\u00e3o rigorosa e atual em torno do mundo do beb\u00e9,\u00a0da crian\u00e7a e da gr\u00e1vida. Colocamos especial cuidado em que as mam\u00e3s e os pap\u00e1s de hoje encontrem [&hellip;]<\/p>\n","protected":false},"author":26618,"featured_media":0,"parent":0,"menu_order":0,"comment_status":"closed","ping_status":"closed","template":"template-single-page-site.php","meta":{"footnotes":""},"class_list":["post-15295","page","type-page","status-publish","hentry"],"_links":{"self":[{"href":"https:\/\/mibebeyyo.mx\/revista-digital\/wp-json\/wp\/v2\/pages\/15295","targetHints":{"allow":["GET"]}}],"collection":[{"href":"https:\/\/mibebeyyo.mx\/revista-digital\/wp-json\/wp\/v2\/pages"}],"about":[{"href":"https:\/\/mibebeyyo.mx\/revista-digital\/wp-json\/wp\/v2\/types\/page"}],"author":[{"embeddable":true,"href":"https:\/\/mibebeyyo.mx\/revista-digital\/wp-json\/wp\/v2\/users\/26618"}],"replies":[{"embeddable":true,"href":"https:\/\/mibebeyyo.mx\/revista-digital\/wp-json\/wp\/v2\/comments?post=15295"}],"version-history":[{"count":274,"href":"https:\/\/mibebeyyo.mx\/revista-digital\/wp-json\/wp\/v2\/pages\/15295\/revisions"}],"predecessor-version":[{"id":15866,"href":"https:\/\/mibebeyyo.mx\/revista-digital\/wp-json\/wp\/v2\/pages\/15295\/revisions\/15866"}],"wp:attachment":[{"href":"https:\/\/mibebeyyo.mx\/revista-digital\/wp-json\/wp\/v2\/media?parent=15295"}],"curies":[{"name":"wp","href":"https:\/\/api.w.org\/{rel}","templated":true}]}}